{"id":4925,"date":"2020-08-28T10:06:56","date_gmt":"2020-08-28T10:06:56","guid":{"rendered":"http:\/\/localhost\/marion\/index.php\/about-iv\/"},"modified":"2026-03-08T09:11:24","modified_gmt":"2026-03-08T08:11:24","slug":"a-propos","status":"publish","type":"page","link":"https:\/\/stylistephoto.fr\/index.php\/a-propos\/","title":{"rendered":"A propos"},"content":{"rendered":"<div class=\"wpb-content-wrapper\"><p>[vc_row padding_top_multiplier=\u00a0\u00bb\u00a0\u00bb padding_bottom_multiplier=\u00a0\u00bb\u00a0\u00bb][vc_column]<h3 class=\"grve-element grve-title grve-align-inherit grve-h3\"><span><br>\n<h3>Mes Prestations<\/h3>\n<\/span><\/h3><div style=\"height: 75px;\" class=\"grve-empty-space\"><\/div>[\/vc_column][\/vc_row][vc_row padding_top_multiplier=\u00a0\u00bb\u00a0\u00bb padding_bottom_multiplier=\u00a0\u00bb4x\u00a0\u00bb][vc_column width=\u00a0\u00bb1\/3&Prime;][vc_column_text css=\u00a0\u00bb\u00a0\u00bb]<span style=\"color: #252525; font-size: 48px;\">01\u00a0 <\/span><span style=\"color: #7a7a7a; font-size: 15px;\">PIQU\u00c9<\/span>[\/vc_column_text]<div class=\"grve-empty-space grve-height-1x\"><\/div><div class=\"grve-element grve-media-box grve-align-left grve-style-1\"><div class=\"grve-media\"><div class=\"grve-bg-overlay grve-bg-black grve-opacity-10\"><\/div><div class=\"grve-thumbnail-wrapper\"><div class=\"grve-thumbnail\"  style=\"padding-top: 100%;\"><img loading=\"lazy\" decoding=\"async\" width=\"579\" height=\"579\" src=\"https:\/\/stylistephoto.fr\/wp-content\/uploads\/2025\/12\/F852SW7104XI.93_P_01.jpg\" class=\"attachment-full size-full grve-lazy-load lazyload\" alt=\"\" data-column-space=\"100\" data-lazyload=\"\" data-grve-filter=\"yes\" data-src=\"https:\/\/stylistephoto.fr\/wp-content\/uploads\/2025\/12\/F852SW7104XI.93_P_01.jpg\" data-sizes=\"auto\" data-srcset=\"\" data-expand=\"1\" \/><\/div><\/div><\/div><div class=\"grve-box-content\"><div class=\"grve-content-inner\">    <p><\/p><\/div>  <\/div><\/div>[vc_column_text css=\u00a0\u00bb\u00a0\u00bb]<\/p>\n<p style=\"color: #7a7a7a; font-size: 15px; line-height: 1.6;\">Le piqu\u00e9 pour mettre en valeur vos v\u00eatements. \u00c0 plat ou \u00e0 la verticale, vous pouvez choisir plusieurs types de rendus, plus ou moins sym\u00e9triques, naturels, g\u00e9om\u00e9triques ou vivants.<\/p>\n<p>[\/vc_column_text][\/vc_column][vc_column width=\u00a0\u00bb1\/3&Prime;][vc_column_text css=\u00a0\u00bb\u00a0\u00bb]<span style=\"color: #252525; font-size: 48px;\">02\u00a0 <\/span><span style=\"color: #7a7a7a; font-size: 15px;\">GHOST<\/span>[\/vc_column_text]<div class=\"grve-empty-space grve-height-1x\"><\/div><div class=\"grve-element grve-media-box grve-align-left grve-style-1\"><div class=\"grve-media\"><div class=\"grve-bg-overlay grve-bg-black grve-opacity-10\"><\/div><div class=\"grve-thumbnail-wrapper\"><div class=\"grve-thumbnail\"  style=\"padding-top: 100%;\"><img loading=\"lazy\" decoding=\"async\" width=\"579\" height=\"579\" src=\"https:\/\/stylistephoto.fr\/wp-content\/uploads\/2025\/12\/vanessa02.jpg\" class=\"attachment-full size-full grve-lazy-load lazyload\" alt=\"\" data-column-space=\"100\" data-lazyload=\"\" data-grve-filter=\"yes\" data-src=\"https:\/\/stylistephoto.fr\/wp-content\/uploads\/2025\/12\/vanessa02.jpg\" data-sizes=\"auto\" data-srcset=\"\" data-expand=\"1\" \/><\/div><\/div><\/div><div class=\"grve-box-content\"><div class=\"grve-content-inner\">    <p><\/p><\/div>  <\/div><\/div>[vc_column_text css=\u00a0\u00bb\u00a0\u00bb]<\/p>\n<p style=\"color: #7a7a7a; font-size: 15px; line-height: 1.6;\">Le ghost pour mettre en valeur vos v\u00eatements sur mannequin stockman, une technique exigeante qui permet de donner l&rsquo;impression que le v\u00eatement est port\u00e9.<\/p>\n<p>[\/vc_column_text][\/vc_column][vc_column width=\u00a0\u00bb1\/3&Prime;][vc_column_text css=\u00a0\u00bb\u00a0\u00bb]<span style=\"color: #252525; font-size: 48px;\">03\u00a0 <\/span><span style=\"color: #7a7a7a; font-size: 15px;\">SET DESIGN<\/span>[\/vc_column_text]<div class=\"grve-empty-space grve-height-1x\"><\/div><div class=\"grve-element grve-media-box grve-align-left grve-style-1\"><div class=\"grve-media\"><div class=\"grve-bg-overlay grve-bg-black grve-opacity-10\"><\/div><div class=\"grve-thumbnail-wrapper\"><div class=\"grve-thumbnail\"  style=\"padding-top: 100%;\"><img loading=\"lazy\" decoding=\"async\" width=\"579\" height=\"579\" src=\"https:\/\/stylistephoto.fr\/wp-content\/uploads\/2025\/12\/Capturedecran2023-12-08191705.png\" class=\"attachment-full size-full grve-lazy-load lazyload\" alt=\"\" data-column-space=\"100\" data-lazyload=\"\" data-grve-filter=\"yes\" data-src=\"https:\/\/stylistephoto.fr\/wp-content\/uploads\/2025\/12\/Capturedecran2023-12-08191705.png\" data-sizes=\"auto\" data-srcset=\"\" data-expand=\"1\" \/><\/div><\/div><\/div><div class=\"grve-box-content\"><div class=\"grve-content-inner\">    <p><\/p><\/div>  <\/div><\/div>[vc_column_text css=\u00a0\u00bb\u00a0\u00bb]<\/p>\n<p style=\"color: #7a7a7a; font-size: 15px; line-height: 1.6;\">La composition pour mettre en sc\u00e8ne vos produits avec diff\u00e9rents fonds et objets cr\u00e9ant des ambiances selon vos envies. De la simple mise en place \u00e0 la recherche des d\u00e9cors les plus \u00e9labor\u00e9s.<\/p>\n<p>[\/vc_column_text][\/vc_column][\/vc_row][vc_row padding_top_multiplier=\u00a0\u00bb\u00a0\u00bb padding_bottom_multiplier=\u00a0\u00bb4x\u00a0\u00bb][vc_column width=\u00a0\u00bb1\/3&Prime;][vc_column_text css=\u00a0\u00bb\u00a0\u00bb]<span style=\"color: #252525; font-size: 48px;\">04\u00a0 <\/span><span style=\"color: #7a7a7a; font-size: 15px;\">LOOKS<\/span>[\/vc_column_text]<div class=\"grve-empty-space grve-height-1x\"><\/div><div class=\"grve-element grve-media-box grve-align-left grve-style-1\"><div class=\"grve-media\"><div class=\"grve-bg-overlay grve-bg-black grve-opacity-10\"><\/div><div class=\"grve-thumbnail-wrapper\"><div class=\"grve-thumbnail\"  style=\"padding-top: 100%;\"><img loading=\"lazy\" decoding=\"async\" width=\"579\" height=\"579\" src=\"https:\/\/stylistephoto.fr\/wp-content\/uploads\/2025\/12\/ANAIS_NOVEMBRE_MARIONPARFAIT_0444.jpg\" class=\"attachment-full size-full grve-lazy-load lazyload\" alt=\"\" data-column-space=\"100\" data-lazyload=\"\" data-grve-filter=\"yes\" data-src=\"https:\/\/stylistephoto.fr\/wp-content\/uploads\/2025\/12\/ANAIS_NOVEMBRE_MARIONPARFAIT_0444.jpg\" data-sizes=\"auto\" data-srcset=\"\" data-expand=\"1\" \/><\/div><\/div><\/div><div class=\"grve-box-content\"><div class=\"grve-content-inner\">    <p><\/p><\/div>  <\/div><\/div>[vc_column_text css=\u00a0\u00bb\u00a0\u00bb]<\/p>\n<p style=\"color: #7a7a7a; font-size: 15px; line-height: 1.6;\">Les looks, associations de style, les plus adapt\u00e9s \u00e0 vos besoins, tendances, intemporels et vendeurs, pourmettre en valeur vos v\u00eatements ou accompagner vos bijoux et accessoires.<\/p>\n<p>[\/vc_column_text][\/vc_column][vc_column width=\u00a0\u00bb1\/3&Prime;][vc_column_text css=\u00a0\u00bb\u00a0\u00bb]<span style=\"color: #252525; font-size: 48px;\">05\u00a0 <\/span><span style=\"color: #7a7a7a; font-size: 15px;\">TEXTURES<\/span>[\/vc_column_text]<div class=\"grve-empty-space grve-height-1x\"><\/div><div class=\"grve-element grve-media-box grve-align-left grve-style-1\"><div class=\"grve-media\"><div class=\"grve-bg-overlay grve-bg-black grve-opacity-10\"><\/div><div class=\"grve-thumbnail-wrapper\"><div class=\"grve-thumbnail\"  style=\"padding-top: 100%;\"><img loading=\"lazy\" decoding=\"async\" width=\"1440\" height=\"1440\" src=\"https:\/\/stylistephoto.fr\/wp-content\/uploads\/2020\/07\/Marion-Parfait-Styliste-Photo-paris-14.jpg\" class=\"attachment-full size-full grve-lazy-load lazyload\" alt=\"\" data-column-space=\"100\" data-lazyload=\"\" data-grve-filter=\"yes\" data-src=\"https:\/\/stylistephoto.fr\/wp-content\/uploads\/2020\/07\/Marion-Parfait-Styliste-Photo-paris-14.jpg\" data-sizes=\"auto\" data-srcset=\"\" data-expand=\"1\" \/><\/div><\/div><\/div><div class=\"grve-box-content\"><div class=\"grve-content-inner\">    <p><\/p><\/div>  <\/div><\/div>[vc_column_text css=\u00a0\u00bb\u00a0\u00bb]<\/p>\n<p style=\"color: #7a7a7a; font-size: 15px; line-height: 1.6;\">Les textures, traces mati\u00e8res et composition packs pour montrer \u00e0 vos clients la tenue de vos produits maquillage et cosm\u00e9tiques : toutes typologies de mati\u00e8res comme les cr\u00e8mes, huiles, sticks \u00e0 l\u00e8vres, gloss, crayons, poudres&#8230;<\/p>\n<p>[\/vc_column_text][\/vc_column][vc_column width=\u00a0\u00bb1\/3&Prime;][vc_column_text css=\u00a0\u00bb\u00a0\u00bb]<span style=\"color: #252525; font-size: 48px;\">06\u00a0 <\/span><span style=\"color: #7a7a7a; font-size: 15px;\">PACKSHOT<\/span>[\/vc_column_text]<div class=\"grve-empty-space grve-height-1x\"><\/div><div class=\"grve-element grve-media-box grve-align-left grve-style-1\"><div class=\"grve-media\"><div class=\"grve-bg-overlay grve-bg-black grve-opacity-10\"><\/div><div class=\"grve-thumbnail-wrapper\"><div class=\"grve-thumbnail\"  style=\"padding-top: 100%;\"><img loading=\"lazy\" decoding=\"async\" width=\"507\" height=\"507\" src=\"https:\/\/stylistephoto.fr\/wp-content\/uploads\/2025\/12\/Marion-Parfait-Styliste-Photo-paris-1.png\" class=\"attachment-full size-full grve-lazy-load lazyload\" alt=\"\" data-column-space=\"100\" data-lazyload=\"\" data-grve-filter=\"yes\" data-src=\"https:\/\/stylistephoto.fr\/wp-content\/uploads\/2025\/12\/Marion-Parfait-Styliste-Photo-paris-1.png\" data-sizes=\"auto\" data-srcset=\"\" data-expand=\"1\" \/><\/div><\/div><\/div><div class=\"grve-box-content\"><div class=\"grve-content-inner\">    <p><\/p><\/div>  <\/div><\/div>[vc_column_text css=\u00a0\u00bb\u00a0\u00bb]<\/p>\n<p style=\"color: #7a7a7a; font-size: 15px; line-height: 1.6;\">Le packshot pour r\u00e9v\u00e9ler l\u2019objet dans toute sa pr\u00e9cision. Pr\u00e9paration, placement, ajustements millim\u00e9tr\u00e9s et reflets ma\u00eetris\u00e9s : chaque produit est pens\u00e9 pour \u00eatre photographi\u00e9 sous son meilleur angle.<\/p>\n<p>[\/vc_column_text][\/vc_column][\/vc_row][vc_row padding_top_multiplier=\u00a0\u00bb\u00a0\u00bb padding_bottom_multiplier=\u00a0\u00bb\u00a0\u00bb][vc_column width=\u00a0\u00bb1\/6&Prime;]<div class=\"grve-element grve-divider\"><div class=\"grve-line-divider grve-border\"><\/div><\/div><div style=\"height: 10px;\" class=\"grve-empty-space\"><\/div>[\/vc_column][vc_column width=\u00a0\u00bb1\/6&Prime;][\/vc_column][vc_column width=\u00a0\u00bb1\/6&Prime;][\/vc_column][vc_column width=\u00a0\u00bb1\/6&Prime;][\/vc_column][vc_column width=\u00a0\u00bb1\/6&Prime;][\/vc_column][vc_column width=\u00a0\u00bb1\/6&Prime;][\/vc_column][\/vc_row][vc_row padding_top_multiplier=\u00a0\u00bb\u00a0\u00bb][vc_column width=\u00a0\u00bb2\/3&Prime;]<h3 class=\"grve-element grve-title grve-align-inherit grve-h3\"><span><br>\n<h3>Qui suis-je ?<\/h3>\n<\/span><\/h3><div style=\"height: 32px;\" class=\"grve-empty-space\"><\/div>[vc_column_text css=\u00a0\u00bb\u00a0\u00bb]<\/p>\n<p style=\"color: #7a7a7a; font-size: 15px; line-height: 1.6;\">Je suis styliste photo e-commerce freelance, bas\u00e9e \u00e0 Paris, je propose mes services pour des missions telles que: le piqu\u00e9, le ghost, la composition d&rsquo;ambiance ou set design, la pr\u00e9paration et l&rsquo;habillage, dans des domaines vari\u00e9s tels que la mode, la cosm\u00e9tique, le linge de maison ou encore le culinaire.<\/p>\n<p style=\"color: #7a7a7a; font-size: 15px; line-height: 1.6;\">Mon exp\u00e9rience de plus de 10 ans inclut des collaborations avec des marques de luxe et de haute couture ainsi que des marques de grande distribution.<\/p>\n<p style=\"color: #7a7a7a; font-size: 15px; line-height: 1.6;\">Je suis \u00e9galement en mesure de proposer des prestations photographiques dans les domaines de l\u2019\u00e9v\u00e8nementiel, du reportage, du portrait, du voyage, de la photo backstage, et la photo de produits.<\/p>\n<p>[\/vc_column_text][\/vc_column][vc_column width=\u00a0\u00bb1\/3&Prime;]<div class=\"grve-element grve-media-box grve-align-left grve-style-1\"><div class=\"grve-media\"><div class=\"grve-thumbnail-wrapper\"><div class=\"grve-thumbnail\"  style=\"padding-top: 100%;\"><img loading=\"lazy\" decoding=\"async\" width=\"759\" height=\"759\" src=\"https:\/\/stylistephoto.fr\/wp-content\/uploads\/2025\/12\/DSC3431-2.jpg\" class=\"attachment-full size-full grve-lazy-load lazyload\" alt=\"\" data-column-space=\"100\" data-lazyload=\"\" data-grve-filter=\"yes\" data-src=\"https:\/\/stylistephoto.fr\/wp-content\/uploads\/2025\/12\/DSC3431-2.jpg\" data-sizes=\"auto\" data-srcset=\"\" data-expand=\"1\" \/><\/div><\/div><\/div><div class=\"grve-box-content\"><div class=\"grve-content-inner\">    <p><\/p><\/div>  <\/div><\/div>[\/vc_column][\/vc_row][vc_row padding_top_multiplier=\u00a0\u00bb\u00a0\u00bb padding_bottom_multiplier=\u00a0\u00bb\u00a0\u00bb][vc_column width=\u00a0\u00bb1\/6&Prime;]<div class=\"grve-element grve-divider\"><div class=\"grve-line-divider grve-border\"><\/div><\/div><div style=\"height: 32px;\" class=\"grve-empty-space\"><\/div>[\/vc_column][vc_column width=\u00a0\u00bb1\/6&Prime;][\/vc_column][vc_column width=\u00a0\u00bb1\/6&Prime;][\/vc_column][vc_column width=\u00a0\u00bb1\/6&Prime;][\/vc_column][vc_column width=\u00a0\u00bb1\/6&Prime;][\/vc_column][vc_column width=\u00a0\u00bb1\/6&Prime;][\/vc_column][\/vc_row][vc_row padding_top_multiplier=\u00a0\u00bb\u00a0\u00bb padding_bottom_multiplier=\u00a0\u00bb\u00a0\u00bb][vc_column]<h3 class=\"grve-element grve-title grve-align-inherit grve-h3\"><span><br>\n<h3>Mes clients<\/h3>\n<\/span><\/h3><div style=\"height: 32px;\" class=\"grve-empty-space\"><\/div>[\/vc_column][\/vc_row][vc_row padding_bottom_multiplier=\u00a0\u00bb\u00a0\u00bb][vc_column]<div class=\"grve-element grve-media-box grve-align-center grve-style-1\"><div class=\"grve-media\"><div class=\"grve-thumbnail-wrapper\"><div class=\"grve-thumbnail\"  style=\"padding-top: 62.133%;\"><img loading=\"lazy\" decoding=\"async\" width=\"2279\" height=\"1416\" src=\"https:\/\/stylistephoto.fr\/wp-content\/uploads\/2025\/12\/LOGO2.jpg\" class=\"attachment-full size-full\" alt=\"\" data-column-space=\"100\" data-lazyload=\"off\" data-grve-filter=\"yes\" srcset=\"https:\/\/stylistephoto.fr\/wp-content\/uploads\/2025\/12\/LOGO2.jpg 2279w, https:\/\/stylistephoto.fr\/wp-content\/uploads\/2025\/12\/LOGO2-300x186.jpg 300w, https:\/\/stylistephoto.fr\/wp-content\/uploads\/2025\/12\/LOGO2-1024x636.jpg 1024w, https:\/\/stylistephoto.fr\/wp-content\/uploads\/2025\/12\/LOGO2-768x477.jpg 768w, https:\/\/stylistephoto.fr\/wp-content\/uploads\/2025\/12\/LOGO2-1536x954.jpg 1536w, https:\/\/stylistephoto.fr\/wp-content\/uploads\/2025\/12\/LOGO2-1920x1193.jpg 1920w, https:\/\/stylistephoto.fr\/wp-content\/uploads\/2025\/12\/LOGO2-600x373.jpg 600w\" sizes=\"auto, (max-width: 2279px) 100vw, 2279px\" \/><\/div><\/div><\/div><div class=\"grve-box-content\"><div class=\"grve-content-inner\">    <p><\/p><\/div>  <\/div><\/div><div style=\"height: 30px;\" class=\"grve-empty-space\"><\/div><h3 class=\"grve-element grve-title grve-align-inherit grve-h3\"><span><span style=\"color: #252525; font-size: 24px;\">Et bien d&rsquo;autres&#8230;<\/span><\/span><\/h3>[\/vc_column][\/vc_row][vc_row padding_top_multiplier=\u00a0\u00bb\u00a0\u00bb padding_bottom_multiplier=\u00a0\u00bb\u00a0\u00bb][vc_column]<div style=\"height: 75px;\" class=\"grve-empty-space\"><\/div>[\/vc_column][\/vc_row]<\/p>\n<\/div>","protected":false},"excerpt":{"rendered":"<p>With Impeka, your website will be fast, fully responsive and professionally optimized for SEO, so you can be sure that you\u2019re holding your own against the competition, getting noticed by the right people, and giving your visitors what they want.<\/p>\n","protected":false},"author":1,"featured_media":6434,"parent":0,"menu_order":0,"comment_status":"closed","ping_status":"closed","template":"","meta":{"footnotes":""},"class_list":["post-4925","page","type-page","status-publish","has-post-thumbnail","hentry","grve-entry-item"],"yoast_head":"<!-- This site is optimized with the Yoast SEO plugin v27.2 - https:\/\/yoast.com\/product\/yoast-seo-wordpress\/ -->\n<title>Styliste Photo Paris - Marion Parfait<\/title>\n<meta name=\"description\" content=\"Styliste photo e-commerce freelance, bas\u00e9e \u00e0 Paris, je propose les services suivant: packshot, piqu\u00e9, ghost, composition d&#039;ambiance, set design, pr\u00e9paration, habillage, dans des domaines vari\u00e9s tels que la mode, la cosm\u00e9tique, le linge de maison...\" \/>\n<meta name=\"robots\" content=\"index, follow, max-snippet:-1, max-image-preview:large, max-video-preview:-1\" \/>\n<link rel=\"canonical\" href=\"https:\/\/stylistephoto.fr\/index.php\/a-propos\/\" \/>\n<meta property=\"og:locale\" content=\"fr_FR\" \/>\n<meta property=\"og:type\" content=\"article\" \/>\n<meta property=\"og:title\" content=\"Styliste Photo Paris - Marion Parfait\" \/>\n<meta property=\"og:description\" content=\"Styliste photo e-commerce freelance, bas\u00e9e \u00e0 Paris, je propose les services suivant: packshot, piqu\u00e9, ghost, composition d&#039;ambiance, set design, pr\u00e9paration, habillage, dans des domaines vari\u00e9s tels que la mode, la cosm\u00e9tique, le linge de maison...\" \/>\n<meta property=\"og:url\" content=\"https:\/\/stylistephoto.fr\/index.php\/a-propos\/\" \/>\n<meta property=\"og:site_name\" content=\"Styliste Photo Paris - Marion Parfait\" \/>\n<meta property=\"article:modified_time\" content=\"2026-03-08T08:11:24+00:00\" \/>\n<meta property=\"og:image\" content=\"https:\/\/stylistephoto.fr\/wp-content\/uploads\/2021\/01\/impeka-featured-img-6.jpg\" \/>\n\t<meta property=\"og:image:width\" content=\"2560\" \/>\n\t<meta property=\"og:image:height\" content=\"1743\" \/>\n\t<meta property=\"og:image:type\" content=\"image\/jpeg\" \/>\n<meta name=\"twitter:card\" content=\"summary_large_image\" \/>\n<meta name=\"twitter:label1\" content=\"Dur\u00e9e de lecture estim\u00e9e\" \/>\n\t<meta name=\"twitter:data1\" content=\"4 minutes\" \/>\n<script type=\"application\/ld+json\" class=\"yoast-schema-graph\">{\"@context\":\"https:\/\/schema.org\",\"@graph\":[{\"@type\":\"WebPage\",\"@id\":\"https:\/\/stylistephoto.fr\/index.php\/a-propos\/\",\"url\":\"https:\/\/stylistephoto.fr\/index.php\/a-propos\/\",\"name\":\"Styliste Photo Paris - Marion Parfait\",\"isPartOf\":{\"@id\":\"https:\/\/stylistephoto.fr\/#website\"},\"primaryImageOfPage\":{\"@id\":\"https:\/\/stylistephoto.fr\/index.php\/a-propos\/#primaryimage\"},\"image\":{\"@id\":\"https:\/\/stylistephoto.fr\/index.php\/a-propos\/#primaryimage\"},\"thumbnailUrl\":\"https:\/\/stylistephoto.fr\/wp-content\/uploads\/2021\/01\/impeka-featured-img-6.jpg\",\"datePublished\":\"2020-08-28T10:06:56+00:00\",\"dateModified\":\"2026-03-08T08:11:24+00:00\",\"description\":\"Styliste photo e-commerce freelance, bas\u00e9e \u00e0 Paris, je propose les services suivant: packshot, piqu\u00e9, ghost, composition d'ambiance, set design, pr\u00e9paration, habillage, dans des domaines vari\u00e9s tels que la mode, la cosm\u00e9tique, le linge de maison...\",\"breadcrumb\":{\"@id\":\"https:\/\/stylistephoto.fr\/index.php\/a-propos\/#breadcrumb\"},\"inLanguage\":\"fr-FR\",\"potentialAction\":[{\"@type\":\"ReadAction\",\"target\":[\"https:\/\/stylistephoto.fr\/index.php\/a-propos\/\"]}]},{\"@type\":\"ImageObject\",\"inLanguage\":\"fr-FR\",\"@id\":\"https:\/\/stylistephoto.fr\/index.php\/a-propos\/#primaryimage\",\"url\":\"https:\/\/stylistephoto.fr\/wp-content\/uploads\/2021\/01\/impeka-featured-img-6.jpg\",\"contentUrl\":\"https:\/\/stylistephoto.fr\/wp-content\/uploads\/2021\/01\/impeka-featured-img-6.jpg\",\"width\":2560,\"height\":1743,\"caption\":\"Impeka - Premium WordPress Multipurpose theme by Greatives\"},{\"@type\":\"BreadcrumbList\",\"@id\":\"https:\/\/stylistephoto.fr\/index.php\/a-propos\/#breadcrumb\",\"itemListElement\":[{\"@type\":\"ListItem\",\"position\":1,\"name\":\"Accueil\",\"item\":\"https:\/\/stylistephoto.fr\/\"},{\"@type\":\"ListItem\",\"position\":2,\"name\":\"A propos\"}]},{\"@type\":\"WebSite\",\"@id\":\"https:\/\/stylistephoto.fr\/#website\",\"url\":\"https:\/\/stylistephoto.fr\/\",\"name\":\"Styliste Photo Paris - Marion Parfait\",\"description\":\"Styliste photo e-commerce freelance, bas\u00e9e \u00e0 Paris, je propose les services suivant: packshot, piqu\u00e9, ghost, composition d&#039;ambiance, set design, pr\u00e9paration, habillage, dans des domaines vari\u00e9s tels que la mode, la cosm\u00e9tique, le linge de maison...\",\"publisher\":{\"@id\":\"https:\/\/stylistephoto.fr\/#organization\"},\"potentialAction\":[{\"@type\":\"SearchAction\",\"target\":{\"@type\":\"EntryPoint\",\"urlTemplate\":\"https:\/\/stylistephoto.fr\/?s={search_term_string}\"},\"query-input\":{\"@type\":\"PropertyValueSpecification\",\"valueRequired\":true,\"valueName\":\"search_term_string\"}}],\"inLanguage\":\"fr-FR\"},{\"@type\":\"Organization\",\"@id\":\"https:\/\/stylistephoto.fr\/#organization\",\"name\":\"Styliste Photo Paris - Marion Parfait\",\"url\":\"https:\/\/stylistephoto.fr\/\",\"logo\":{\"@type\":\"ImageObject\",\"inLanguage\":\"fr-FR\",\"@id\":\"https:\/\/stylistephoto.fr\/#\/schema\/logo\/image\/\",\"url\":\"https:\/\/stylistephoto.fr\/wp-content\/uploads\/2026\/01\/logo_stylistephoto.png\",\"contentUrl\":\"https:\/\/stylistephoto.fr\/wp-content\/uploads\/2026\/01\/logo_stylistephoto.png\",\"width\":2484,\"height\":192,\"caption\":\"Styliste Photo Paris - Marion Parfait\"},\"image\":{\"@id\":\"https:\/\/stylistephoto.fr\/#\/schema\/logo\/image\/\"},\"sameAs\":[\"https:\/\/www.instagram.com\/stylistephotoparis\/\"]}]}<\/script>\n<!-- \/ Yoast SEO plugin. -->","yoast_head_json":{"title":"Styliste Photo Paris - Marion Parfait","description":"Styliste photo e-commerce freelance, bas\u00e9e \u00e0 Paris, je propose les services suivant: packshot, piqu\u00e9, ghost, composition d'ambiance, set design, pr\u00e9paration, habillage, dans des domaines vari\u00e9s tels que la mode, la cosm\u00e9tique, le linge de maison...","robots":{"index":"index","follow":"follow","max-snippet":"max-snippet:-1","max-image-preview":"max-image-preview:large","max-video-preview":"max-video-preview:-1"},"canonical":"https:\/\/stylistephoto.fr\/index.php\/a-propos\/","og_locale":"fr_FR","og_type":"article","og_title":"Styliste Photo Paris - Marion Parfait","og_description":"Styliste photo e-commerce freelance, bas\u00e9e \u00e0 Paris, je propose les services suivant: packshot, piqu\u00e9, ghost, composition d'ambiance, set design, pr\u00e9paration, habillage, dans des domaines vari\u00e9s tels que la mode, la cosm\u00e9tique, le linge de maison...","og_url":"https:\/\/stylistephoto.fr\/index.php\/a-propos\/","og_site_name":"Styliste Photo Paris - Marion Parfait","article_modified_time":"2026-03-08T08:11:24+00:00","og_image":[{"width":2560,"height":1743,"url":"https:\/\/stylistephoto.fr\/wp-content\/uploads\/2021\/01\/impeka-featured-img-6.jpg","type":"image\/jpeg"}],"twitter_card":"summary_large_image","twitter_misc":{"Dur\u00e9e de lecture estim\u00e9e":"4 minutes"},"schema":{"@context":"https:\/\/schema.org","@graph":[{"@type":"WebPage","@id":"https:\/\/stylistephoto.fr\/index.php\/a-propos\/","url":"https:\/\/stylistephoto.fr\/index.php\/a-propos\/","name":"Styliste Photo Paris - Marion Parfait","isPartOf":{"@id":"https:\/\/stylistephoto.fr\/#website"},"primaryImageOfPage":{"@id":"https:\/\/stylistephoto.fr\/index.php\/a-propos\/#primaryimage"},"image":{"@id":"https:\/\/stylistephoto.fr\/index.php\/a-propos\/#primaryimage"},"thumbnailUrl":"https:\/\/stylistephoto.fr\/wp-content\/uploads\/2021\/01\/impeka-featured-img-6.jpg","datePublished":"2020-08-28T10:06:56+00:00","dateModified":"2026-03-08T08:11:24+00:00","description":"Styliste photo e-commerce freelance, bas\u00e9e \u00e0 Paris, je propose les services suivant: packshot, piqu\u00e9, ghost, composition d'ambiance, set design, pr\u00e9paration, habillage, dans des domaines vari\u00e9s tels que la mode, la cosm\u00e9tique, le linge de maison...","breadcrumb":{"@id":"https:\/\/stylistephoto.fr\/index.php\/a-propos\/#breadcrumb"},"inLanguage":"fr-FR","potentialAction":[{"@type":"ReadAction","target":["https:\/\/stylistephoto.fr\/index.php\/a-propos\/"]}]},{"@type":"ImageObject","inLanguage":"fr-FR","@id":"https:\/\/stylistephoto.fr\/index.php\/a-propos\/#primaryimage","url":"https:\/\/stylistephoto.fr\/wp-content\/uploads\/2021\/01\/impeka-featured-img-6.jpg","contentUrl":"https:\/\/stylistephoto.fr\/wp-content\/uploads\/2021\/01\/impeka-featured-img-6.jpg","width":2560,"height":1743,"caption":"Impeka - Premium WordPress Multipurpose theme by Greatives"},{"@type":"BreadcrumbList","@id":"https:\/\/stylistephoto.fr\/index.php\/a-propos\/#breadcrumb","itemListElement":[{"@type":"ListItem","position":1,"name":"Accueil","item":"https:\/\/stylistephoto.fr\/"},{"@type":"ListItem","position":2,"name":"A propos"}]},{"@type":"WebSite","@id":"https:\/\/stylistephoto.fr\/#website","url":"https:\/\/stylistephoto.fr\/","name":"Styliste Photo Paris - Marion Parfait","description":"Styliste photo e-commerce freelance, bas\u00e9e \u00e0 Paris, je propose les services suivant: packshot, piqu\u00e9, ghost, composition d&#039;ambiance, set design, pr\u00e9paration, habillage, dans des domaines vari\u00e9s tels que la mode, la cosm\u00e9tique, le linge de maison...","publisher":{"@id":"https:\/\/stylistephoto.fr\/#organization"},"potentialAction":[{"@type":"SearchAction","target":{"@type":"EntryPoint","urlTemplate":"https:\/\/stylistephoto.fr\/?s={search_term_string}"},"query-input":{"@type":"PropertyValueSpecification","valueRequired":true,"valueName":"search_term_string"}}],"inLanguage":"fr-FR"},{"@type":"Organization","@id":"https:\/\/stylistephoto.fr\/#organization","name":"Styliste Photo Paris - Marion Parfait","url":"https:\/\/stylistephoto.fr\/","logo":{"@type":"ImageObject","inLanguage":"fr-FR","@id":"https:\/\/stylistephoto.fr\/#\/schema\/logo\/image\/","url":"https:\/\/stylistephoto.fr\/wp-content\/uploads\/2026\/01\/logo_stylistephoto.png","contentUrl":"https:\/\/stylistephoto.fr\/wp-content\/uploads\/2026\/01\/logo_stylistephoto.png","width":2484,"height":192,"caption":"Styliste Photo Paris - Marion Parfait"},"image":{"@id":"https:\/\/stylistephoto.fr\/#\/schema\/logo\/image\/"},"sameAs":["https:\/\/www.instagram.com\/stylistephotoparis\/"]}]}},"_links":{"self":[{"href":"https:\/\/stylistephoto.fr\/index.php\/wp-json\/wp\/v2\/pages\/4925","targetHints":{"allow":["GET"]}}],"collection":[{"href":"https:\/\/stylistephoto.fr\/index.php\/wp-json\/wp\/v2\/pages"}],"about":[{"href":"https:\/\/stylistephoto.fr\/index.php\/wp-json\/wp\/v2\/types\/page"}],"author":[{"embeddable":true,"href":"https:\/\/stylistephoto.fr\/index.php\/wp-json\/wp\/v2\/users\/1"}],"replies":[{"embeddable":true,"href":"https:\/\/stylistephoto.fr\/index.php\/wp-json\/wp\/v2\/comments?post=4925"}],"version-history":[{"count":93,"href":"https:\/\/stylistephoto.fr\/index.php\/wp-json\/wp\/v2\/pages\/4925\/revisions"}],"predecessor-version":[{"id":8591,"href":"https:\/\/stylistephoto.fr\/index.php\/wp-json\/wp\/v2\/pages\/4925\/revisions\/8591"}],"wp:featuredmedia":[{"embeddable":true,"href":"https:\/\/stylistephoto.fr\/index.php\/wp-json\/wp\/v2\/media\/6434"}],"wp:attachment":[{"href":"https:\/\/stylistephoto.fr\/index.php\/wp-json\/wp\/v2\/media?parent=4925"}],"curies":[{"name":"wp","href":"https:\/\/api.w.org\/{rel}","templated":true}]}}